{"id":298,"date":"2019-04-04T10:13:51","date_gmt":"2019-04-04T08:13:51","guid":{"rendered":"http:\/\/home-computer-maintenance.com\/?page_id=298"},"modified":"2021-11-12T00:58:57","modified_gmt":"2021-11-11T23:58:57","slug":"politiques-de-confidentialite","status":"publish","type":"page","link":"https:\/\/home-computer-maintenance.com\/?page_id=298","title":{"rendered":"Politique de confidentialit\u00e9"},"content":{"rendered":"<p><span style=\"color: #333333;\"><strong>Nos conditions g\u00e9n\u00e9rales de vente (CGV)\u00a0 sont consultable et vous sont envoy\u00e9 sur simple demande \u00e0 : contact@home-computer-maintenance.com,\u00a0 au : 06 21 27 33 32, ou par courrier \u00e0 : HOME COMPUTER MAINTENANCE, 171 quai Auguste Meynier, Carnon Plage, 34130 MAUGUIO<\/strong><\/span><\/p>\n\n\n<h2>&nbsp;<\/h2><h2>Qui sommes-nous&nbsp;?<\/h2>\n\n\n\n<p>Nous somme une soci\u00e9t\u00e9 de r\u00e9paration et de maintenance informatique.<\/p>\n\n\n\n<p>Le si\u00e8ge social d&rsquo;HOME COMPUTER MAINTENANCE est  situ\u00e9 en FRANCE dans l&rsquo;H\u00e9raut au : 171 Quai Auguste Meynier, Carnon Plage, 34130 MAUGUIO<\/p>\n\n\n\n<p>Nous d\u00e9pendons de la Chambre des m\u00e9tiers et de l\u2019artisanat de Montpellier (H\u00e9rault) <\/p>\n\n\n\n<p>SIREN 850 835 828 CMA MONTEPELLIER, code APE 6202B<\/p>\n\n\n\n<p><\/p>\n\n\n\n<p>L\u2019adresse de notre site Web est&nbsp;: http:\/\/home-computer-maintenance.com.<\/p>\n\n\n\n<h1>Utilisation des donn\u00e9es personnelles collect\u00e9es :<\/h1>\n\n\n\n<h2 class=\"wp-block-heading\">Cookies<\/h2>\n\n\n\n<p>Lorsque vous vous connecterez, nous mettrons en place des cookies pour enregistrer vos informations de connexion et vos pr\u00e9f\u00e9rences d\u2019\u00e9cran. La dur\u00e9e de vie d\u2019un cookie de connexion et de param\u00e8tre d&rsquo;affichage est d&rsquo;une heure.<\/p>\n\n\n\n<h2 class=\"wp-block-heading\">Contenu embarqu\u00e9 depuis d\u2019autres sites<\/h2>\n\n\n\n<p>Les fonctions de ce site peuvent inclure des contenus int\u00e9gr\u00e9s c&rsquo;est le cas du service <strong>PAYPAL<\/strong> ce service \u00e9tant compl\u00e8tement ind\u00e9pendant du site <strong>HOME COMPUTER MAINTENANCE<\/strong>, C&rsquo;est la politique de confidentialit\u00e9 du site <strong>PAYPAL<\/strong>&nbsp;qui s&rsquo;appliquera de la m\u00eame mani\u00e8re que lorsque vous vous rendez sur ce site directement.<\/p>\n\n\n\n<h2 class=\"wp-block-heading\">Dur\u00e9es de stockage de vos donn\u00e9es<\/h2>\n\n\n\n<p>La dur\u00e9e de vie d\u2019un cookie de connexion et de param\u00e8tre d&rsquo;affichage est d&rsquo;une heure.<\/p>\n\n\n\n<\/h3><h2>Les droits que vous avez sur vos donn\u00e9es<\/h2>\n\n\n\n<p>Ce site n&rsquo;utilise pas la possibilit\u00e9 de laisser des commentaires ou bien de se connecter, il n&rsquo;y a donc aucune donn\u00e9e personnelles collect\u00e9s. Les seules donn\u00e9es personnelles que nous poss\u00e9dons \u00e0 votre sujet, sont celles que vous nous fournissez dans le formulaire de contact ou en cas d\u2019abonnement. En aucun cas des cookies contenant ces information ne sont utilis\u00e9.<\/p>\n\n\n\n<h2 class=\"wp-block-heading\">Transmission de vos donn\u00e9es personnelles<\/h2>\n\n\n\n<p>En aucun cas les donn\u00e9es personnelles contenus dans le formulaire de contact ne sont transmises, elles ne nous servent qu&rsquo;a rentrer en relation avec vous le cas \u00e9ch\u00e9ant.<\/p>\n\n\n\n<h2 class=\"wp-block-heading\">Informations de contact<\/h2>\n\n\n\n<p>contact@home-computer-maintenance.com<\/p>\n\n\n\n<p><a href=\"http:\/\/www.home-computer-maintenance.com\" target=\"_blank\" rel=\"noreferrer noopener\">RETOUR ACCUEIL<\/a><\/p>\n","protected":false},"excerpt":{"rendered":"<p>Nos conditions g\u00e9n\u00e9rales de vente (CGV)\u00a0 sont consultable et vous sont envoy\u00e9 sur simple demande \u00e0 : contact@home-computer-maintenance.com,\u00a0 au :&hellip;<\/p>\n","protected":false},"author":1,"featured_media":0,"parent":0,"menu_order":0,"comment_status":"closed","ping_status":"closed","template":"","meta":{"om_disable_all_campaigns":false,"_monsterinsights_skip_tracking":false,"_monsterinsights_sitenote_active":false,"_monsterinsights_sitenote_note":"","_monsterinsights_sitenote_category":0,"footnotes":""},"class_list":["post-298","page","type-page","status-publish","hentry"],"aioseo_notices":[],"_links":{"self":[{"href":"https:\/\/home-computer-maintenance.com\/index.php?rest_route=\/wp\/v2\/pages\/298","targetHints":{"allow":["GET"]}}],"collection":[{"href":"https:\/\/home-computer-maintenance.com\/index.php?rest_route=\/wp\/v2\/pages"}],"about":[{"href":"https:\/\/home-computer-maintenance.com\/index.php?rest_route=\/wp\/v2\/types\/page"}],"author":[{"embeddable":true,"href":"https:\/\/home-computer-maintenance.com\/index.php?rest_route=\/wp\/v2\/users\/1"}],"replies":[{"embeddable":true,"href":"https:\/\/home-computer-maintenance.com\/index.php?rest_route=%2Fwp%2Fv2%2Fcomments&post=298"}],"version-history":[{"count":18,"href":"https:\/\/home-computer-maintenance.com\/index.php?rest_route=\/wp\/v2\/pages\/298\/revisions"}],"predecessor-version":[{"id":1655,"href":"https:\/\/home-computer-maintenance.com\/index.php?rest_route=\/wp\/v2\/pages\/298\/revisions\/1655"}],"wp:attachment":[{"href":"https:\/\/home-computer-maintenance.com\/index.php?rest_route=%2Fwp%2Fv2%2Fmedia&parent=298"}],"curies":[{"name":"wp","href":"https:\/\/api.w.org\/{rel}","templated":true}]}}